
Is 3 + (-5 - -4) + 44 composite?
True
Suppose g = -2*g + 3. Let h = 0 - g. Is 3 - (-16 + 2/h) composite?
True
Suppose 2*l = 6*l - 12. Let w be (269/3)/((-1)/l). Is (-1)/4 - w/4 prime?
True
Suppose -4*g - 30 = -3*f, 15 + 13 = -5*g - f. Is g/(-2) + (54 - 2) prime?
False
Let k(b) = 2*b**3 - 2*b**2 + 1. Let t be k(2). Let s(j) = 40*j**3 - 2*j + 1. Let o be s(1). Is 6/t*o/2 a composite number?
False
Let b(s) = -1 - 46*s + 4 + 0. Let k(p) = 47*p - 3. Let q(w) = -4*b(w) - 3*k(w). Is q(2) a composite number?
False
Suppose 0*j + 6*j = 1902. Is j prime?
True
Is 5981*(-12)/36*(-5 - -2) prime?
True
Let b(v) be the first derivative of -v**5/4 - v**4/6 - v**3/6 - v**2/2 + v - 2. Let m(j) be the first derivative of b(j). Is m(-2) composite?
True
Suppose 2*t - 4*g + 266 = -0*g, 665 = -5*t + 3*g. Let f = t + 228. Let r = f + -42. Is r a composite number?
False
Suppose -2 = -d + 8. Suppose 0*k = -5*k + d. Suppose 0*n - 62 = -k*n. Is n a composite number?
False
Suppose 4*f - 12 = 8. Let l = -1 + f. Suppose c + l*c = 70. Is c a composite number?
True
Suppose -12*t = 3682 - 13738. Is t a composite number?
True
Suppose 2*i = 3*l - 110, 5*i - l + 332 = 57. Let h = -36 - i. Is h a composite number?
False
Let s = 4 - -42. Is (5 + -7)/((-2)/s) a composite number?
True
Is 14320/25 - (-2)/10 composite?
True
Let k(v) = -2 + 4*v**2 + v**2 - 2*v**2 + v. Let t be k(-2). Let y = -6 + t. Is y a prime number?
True
Suppose 3*y - 71 + 5 = 0. Let x be (-2)/(-11) + (-92)/y. Is 4/(-8) - 94/x a prime number?
True
Suppose -5*z + 4*q + 0*q + 41 = 0, 11 = 3*z + q. Suppose 0 = -z*i + 35 + 260. Is i a prime number?
True
Let i = 222 + -103. Is i a prime number?
False
Let j be (-1)/(-3) + 24/(-18). Let s be 22*(j + (-6)/(-4)). Let u(m) = 2*m + 15. Is u(s) a composite number?
False
Suppose -z - 5 = -r + z, 4*r + 5*z - 33 = 0. Let q = 13 - r. Is q composite?
True
Is (-12)/(-16) + (-32818)/(-8) composite?
True
Let n(l) = 3*l**2 + 4*l + 1. Let u(m) = -m**3 + 6*m**2 + 2*m - 7. Let b be u(6). Let p be 2/(-1) - (-3 + b). Is n(p) composite?
True
Let r = 21 - 5. Is (24/r)/((-1)/(-26)) prime?
False
Let v = -15 + 836. Is v composite?
False
Let u(f) = 6*f**2 - 1. Let l be u(1). Suppose l*x = 2*x + 273. Is x prime?
False
Suppose -5*n - 4*f + 2045 = -350, 490 = n + 3*f. Let l be n/9 + 4/18. Is 2/2*-2 + l a composite number?
True
Let y = -244 - -537. Is y a prime number?
True
Let q be ((-9)/6)/((-2)/4). Let c = 40 - -37. Suppose -9 = q*d, 0 = -4*w - 4*d + 51 + c. Is w composite?
True
Suppose 0 = -2*x + 8, 5*o - o + 4*x = 1244. Is o a composite number?
False
Let p = -4 + 18. Let t = -5 + p. Is t a prime number?
False
Let z be 2/5 + 316/10. Let h(l) = -l**2 + 8*l + 5. Let i be h(8). Let d = z + i. Is d a prime number?
True
Suppose 0 = -2*z + 329 - 63. Is z a composite number?
True
Let w(b) = -16*b**3 - 2*b**2 + b - 2. Is w(-3) a composite number?
False
Let a be 6/(-8) + (-15044)/16. Let z = -657 - a. Is 4/(-12) + z/6 a prime number?
True
Is 675 + (5 - 3) - 0 prime?
True
Suppose 3*i + 12 = i. Let y(w) = -w**2 - 4*w + 4. Let f be y(i). Let a = 15 + f. Is a prime?
True
Let k(d) = d**3 + 3*d**2 - 6*d - 6. Let m be k(-4). Suppose m*x + 47 = 3*x. Is x prime?
True
Suppose 10*c = 19*c - 24498. Is c a composite number?
True
Suppose 6 - 22 = 2*h. Let p(z) = -2*z - 11. Let i be p(h). Suppose -i*o = -77 - 408. Is o composite?
False
Let t(o) = 5*o**2 + 4*o - 2. Suppose 0 = -v + 2*v - 3. Is t(v) a prime number?
False
Suppose a + a + 48 = 0. Let g = -11 - a. Is g composite?
False
Let c be (-2)/(-2 + (-9)/(-4)). Let k be ((-236)/6)/(c/12). Suppose 0*b + 109 = 4*b - 3*a, -2*b = -3*a - k. Is b prime?
False
Let i = 11 - -11. Is i composite?
True
Suppose -f = -2*f + 3. Suppose -2*a - f*c + 128 = -a, c = a - 148. Is a composite?
True
Let c be 5306/6 + (-13)/39. Let a = c - 97. Is a prime?
True
Let s be ((-288)/(-20))/((-4)/(-50)). Let p = 305 - s. Suppose -5*q = -p + 30. Is q a composite number?
False
Let p be (-2 + -102)/((-2)/11). Let s = 8 - 4. Suppose -5*i + 3*l + p = 0, s*l = i - 144 + 33. Is i a prime number?
False
Let w(h) = 55*h + 7. Let o be w(-3). Let d = o + 285. Is d a prime number?
True
Let y(u) = 4*u**2 - 1. Let v(c) = -c**3 - 2*c**2 + 1. Let o(f) = -f**2 - f + 4. Let b be o(-3). Let r be v(b). Is y(r) composite?
False
Let m(o) be the third derivative of o**5/60 + 5*o**4/24 + 3*o**3/2 + 2*o**2. Is m(-6) a prime number?
False
Suppose 2*w - 3*f = 4*w - 7, -4*w - 3*f + 11 = 0. Suppose 5*i - w*i = 747. Is i prime?
False
Let p = 1 + -5. Let z be (2/(-1))/(p/(-222)). Is -1*z/(9/3) a composite number?
False
Suppose 4*t + 34 - 662 = 0. Is t a composite number?
False
Let j be (-622)/(-10) + 1/(-5). Let r be (-3)/6 + j/4. Let q = 73 - r. Is q a prime number?
False
Suppose 0 = -5*t + 6*t. Suppose -2*p + t*j - 3*j = -389, 4*p + 5*j = 777. Let w = -66 + p. Is w a prime number?
True
Let x(h) = -3*h. Let u be 3/12 - (-2)/(-8). Let c = -2 + u. Is x(c) a prime number?
False
Suppose 0 = -2*o + 3 + 5. Suppose 5*z - z + 4*l = 980, 990 = o*z + 2*l. Let t = -153 + z. Is t prime?
True
Let z be 15/2*(-2)/(-3). Is (-4038)/(-15) - 1/z a prime number?
True
Suppose 0 = -2*w + 5*j + 34, 2*j - 2 = -6. Suppose -v + w = 5*z, 0 = -5*v - 5*z + z + 18. Let h(t) = 4*t**2 + 4*t - 3. Is h(v) prime?
False
Suppose -3*l + 572 = -541. Is l composite?
True
Let k be (-2)/(-10) + 144/(-20). Let y(s) = s**2 - 4*s - 10. Is y(k) a prime number?
True
Suppose 693 = 2*l - 209. Is l a prime number?
False
Is (12610/39)/(2/24) + 1 prime?
True
Suppose 4*t + d + 30 = 3*d, -2*t - 3*d = 11. Let h = 9 + t. Suppose -59 = -h*q + q. Is q prime?
True
Suppose -4*j + z + 0*z = 21, -2*j - 3*z - 21 = 0. Let t = -4 - j. Suppose -2*m = -t*i + 62, 2*i = -i - 3*m + 117. Is i a prime number?
False
Let y(f) be the second derivative of f**3/3 + 7*f**2/2 + f. Is y(12) prime?
True
Let g(u) = 32*u**2 + 2*u - 1. Let y be g(1). Suppose -5*w + 21 = 1. Suppose w*t - y = t. Is t a prime number?
True
Let d(s) = 28*s**2 + 4*s + 5. Let j be d(-2). Is j - (10/(-2) + 3) prime?
False
Let m = 101 + -191. Let p = m - -139. Is p a prime number?
False
Suppose 5*y = -2*v - v - 380, -2*v = 4*y + 306. Let m = y - -118. Is m a prime number?
False
Suppose -4*h + 2*h - 3*a = -9, a = 1. Let d = h + -2. Is 1/(d/172*2) prime?
False
Suppose 233 = -3*j + 1994. Is j a prime number?
True
Suppose -5*k + 2*k + 9 = 0. Suppose -3*n = -h - 5, 2*n + k*n + 3*h = -15. Is n - 1 - 2*-7 a composite number?
False
Let t(y) = 6*y - 5. Is t(5) a prime number?
False
Suppose p + 398 = 3*j + 2*p, -3*p + 130 = j. Is j composite?
True
Suppose -4*z + 5846 = 2*n - 0*n, 2*z + 4 = 0. Is n composite?
False
Let b(o) = -o**2 - 8*o + 7. Let t be b(-6). Let x = 42 - t. Is x prime?
True
Let p(o) = 6*o**2 - 2*o + 3*o - 2*o. Is p(-1) a composite number?
False
Let t(m) = -3*m + 1. Let n be t(5). Let y = -8 - n. Is 3 - -12*4/y a prime number?
True
Let t(c) = -29*c**2 - 4 - 4 - 4*c + 6*c**2 + 6. Let o be t(-4). Let n = o - -511. Is n prime?
True
Suppose v - 2*a + 121 - 7 = 0, 4*a + 260 = -2*v. Is (-1 - v)/(3 + -2) prime?
False
Let d(n) = 9*n + 6. Let w = -6 + 1. Let x be d(w). Let f = -28 - x. Is f a composite number?
False
Let c be (44/5)/((-2)/(-15)). Suppose l - 2*l + 44 = 0. Let z = c - l. Is z prime?
False
Suppose 2*o - 73 = 73. Let c = o - 22. Is c a composite number?
True
Let t = 2 - 0. Is (1/t)/(2/204) a composite number?
True
Let b(w) = -53*w + 5. Is b(-4) composite?
True
Suppose -2*o + o + 42 = 0. Suppose 6*l - 4*l = 26. Let m = l + o. Is m a prime number?
False
Let a(b) = 22*b**2 + 3*b - 4. Is a(-3) composite?
True
Let v(c) = -c - 3. Let d(s) = 2. Let z(u) = 6*d(u) + 5*v(u). Is z(-14) composite?
False
Let i = 3 + 3. Suppose -3*g + 5 = 3*z + z, 3*g = -3*z + i. Is (6/(-4))/(z/22) a composite number?
True
Let j(w) = -59*w - 3. Suppose -11 = 5*p - 1. Is j(p) composite?
True
Suppose -5*f = -3*j, -1 = 4*f + 4*j - 33. Is (-4 + 3)*f/(-1) prime?
True
Let y = -337 - -1064. Is y prime?
True
Let x(n) = 70*n + 1. Suppose 5*q = 5*r - 20, q - 2*q + 1 = 4*r. Let p be x(r). Suppose -4*l + p = -13. Is l a composite number?
True
Let q(t) = 2*t + 9. Let v be q(-6). Let b(a) = 2*a**3 - 5*a**2 - 2*a - 149. Let h(y) = -y**3 + 3*y**2 + y + 74. Let f(i) = v*b(i) - 5*h(i). Is f(0) prime?
False
Let j(o) = 88*o. Let r be j(5). Suppose -3*u + 21 = -3*l, 3*u = l -